{"id":58,"date":"2018-02-15T06:55:49","date_gmt":"2018-02-15T06:55:49","guid":{"rendered":"http:\/\/helge-polzin.de\/?page_id=58"},"modified":"2025-11-07T12:04:00","modified_gmt":"2025-11-07T12:04:00","slug":"impressum","status":"publish","type":"page","link":"https:\/\/helge-polzin.de\/?page_id=58","title":{"rendered":"Impressum"},"content":{"rendered":"<h6><strong>Helge Polzin<\/strong><br \/>\n<strong>Bochumer Str. 14<\/strong><br \/>\n<strong>28199 Bremen<\/strong><\/h6>\n<p>Tel. 0421\/69 21 96 32<\/p>\n<p>eMail: <a title=\"info@biodanaz-bremen.de\" href=\"mailto:info@biodanaz-bremen.de\">hp@helge-polzin.de<\/a><\/p>\n<p>Bankverbindung:<br \/>\nSparkasse Bremen:<br \/>\nIBAN: DE 30 290 501 01 0012 5921 35<br \/>\nBIC:\u00a0\u00a0 SBREDE22XXX<\/p>\n<p>Steuer-Nummer: 74\/192\/60163<\/p>\n<p>Bildquellen:<\/p>\n<p>fotolia.de | Sondem-AS | tauav.AS | sakkmesterke-FT | Bakunovich-TS<\/p>\n<p>Biodanza- Bremen.de<\/p>\n<p>Hinweis:<\/p>\n<p>Im Falle von Domainstreitigkeiten, wettbewerbsrechtlicher, inhaltlicher oder \u00e4hnlicher Probleme bitte ich Sie, mit mir zur Vermeidung unn\u00f6tiger Rechtsstreite und Kosten bereits im Vorfeld zu mir Kontakt aufzunehmen. Die Kostenrechnung einer anwaltlichen Abmahnung ohne vorhergehende Kontaktaufnahme mit mir wird im Sinne der Schadensminderungspflicht als unbegr\u00fcndet zur\u00fcckgewiesen.<\/p>\n<p>Zu den auf meinen Seiten aufgebrachten Links:<\/p>\n<p>F\u00fcr alle Inhalte der Seiten, die von meiner Seite aus verlinkt sind, erkl\u00e4re ich hiermit ausdr\u00fccklich, dass zu dem Zeitpunkt, als der Link von mir aufgebracht wurde, die entsprechenden verlinkten Seiten absolut frei von illegalen Inhalten waren. Auf die zuk\u00fcnftige Gestaltung, die Inhalte oder die Urheberschaft der gelinkten Seiten habe ich keinen Einfluss mehr, deshalb distanziere ich mich vorsorglich und ausdr\u00fccklich von allen Inhalten aller von mir gelinkten Seiten.<\/p>\n<p>Ferner haftet f\u00fcr illegale, fehlerhafte oder unvollst\u00e4ndige Inhalte und damit f\u00fcr Sch\u00e4den, die sich evtl. aus der Nutzung der bei mir aufgebrachten Links entstehen k\u00f6nnen, allein der Anbieter der jeweiligen Seite, auf welche verlinkt wurde, mein Link ist nur als Verweis zu verstehen.<\/p>\n<p>Informationen zum Datenschutz<\/p>\n<p>Die Nutzung unserer Webseite ist auch ohne Angabe personenbezogener Daten m\u00f6glich. Soweit auf unseren Seiten personenbezogene Daten (beispielsweise Name, Anschrift oder eMail-Adressen) erhoben werden, erfolgt dies, soweit m\u00f6glich, stets auf freiwilliger Basis. Diese Daten werden ohne Ihre ausdr\u00fcckliche Zustimmung nicht an Dritte weitergegeben.<\/p>\n<p>Wir weisen darauf hin, dass die Daten\u00fcbertragung im Internet (z.B. bei der Kommunikation per E-Mail) Sicherheitsl\u00fccken aufweisen kann. Ein l\u00fcckenloser Schutz der Daten vor dem Zugriff durch Dritte ist nicht m\u00f6glich.<\/p>\n<p>Der Nutzung von im Rahmen der Impressumspflicht ver\u00f6ffentlichten Kontaktdaten durch Dritte zur \u00dcbersendung von nicht ausdr\u00fccklich angeforderter Werbung und Informationsmaterialien wird hiermit ausdr\u00fccklich widersprochen. Die Betreiber der Seiten behalten sich ausdr\u00fccklich rechtliche Schritte im Falle der unverlangten Zusendung von Werbeinformationen, etwa durch Spam-Mails, vor.<\/p>\n<p>Quellverweis:\u00a0Datenschutzerkl\u00e4rung\u00a0von eRecht24, dem Portal zum Internetrecht von Rechtsanwalt S\u00f6ren Siebert<\/p>\n<p>Google Analytics<\/p>\n<p>Diese Website benutzt Google Analytics, einen Webanalysedienst der Google Inc. (\u201eGoogle\u201c). Google Analytics verwendet sog. \u201eCookies\u201c, Textdateien, die auf Ihrem Computer gespeichert werden und die eine Analyse der Benutzung der Website durch Sie erm\u00f6glichen. Die durch das Cookie erzeugten Informationen \u00fcber Ihre Benutzung dieser Website werden in der Regel an einen Server von Google in den USA \u00fcbertragen und dort gespeichert. Im Falle der Aktivierung der IP-Anonymisierung auf dieser Website, wird Ihre IP-Adresse von Google jedoch innerhalb von Mitgliedstaaten der Europ\u00e4ischen Union oder in anderen Vertragsstaaten des Abkommens \u00fcber den Europ\u00e4ischen Wirtschaftsraum zuvor gek\u00fcrzt. Nur in Ausnahmef\u00e4llen wird die volle IP-Adresse an einen Server von Google in den USA \u00fcbertragen und dort gek\u00fcrzt. Im Auftrag des Betreibers dieser Website wird Google diese Informationen benutzen, um Ihre Nutzung der Website auszuwerten, um Reports \u00fcber die Websiteaktivit\u00e4ten zusammenzustellen und um weitere mit der Websitenutzung und der Internetnutzung verbundene Dienstleistungen gegen\u00fcber dem Websitebetreiber zu erbringen. Die im Rahmen von Google Analytics von Ihrem Browser \u00fcbermittelte IP-Adresse wird nicht mit anderen Daten von Google zusammengef\u00fchrt. Sie k\u00f6nnen die Speicherung der Cookies durch eine entsprechende Einstellung Ihrer Browser-Software verhindern; wir weisen Sie jedoch darauf hin, dass Sie in diesem Fall gegebenenfalls nicht s\u00e4mtliche Funktionen dieser Website vollumf\u00e4nglich werden nutzen k\u00f6nnen. Sie k\u00f6nnen dar\u00fcber hinaus die Erfassung der durch das Cookie erzeugten und auf Ihre Nutzung der Website bezogenen Daten (inkl. Ihrer IP-Adresse) an Google sowie die Verarbeitung dieser Daten durch Google verhindern, indem Sie das unter dem folgenden Link (<a title=\"http:\/\/tools.google.com\/dlpage\/gaoptout?hl=de\" href=\"http:\/\/tools.google.com\/dlpage\/gaoptout?hl=de\" target=\"_blank\" rel=\"noopener\">http:\/\/tools.google.com\/dlpage\/gaoptout?hl=de<\/a>) verf\u00fcgbare Browser-Plugin herunterladen und installieren.<\/p>\n<p>Sie k\u00f6nnen die Erfassung durch Google Analytics verhindern, indem Sie auf folgenden Link klicken. Es wird ein Opt-Out-Cookie gesetzt, das die zuk\u00fcnftige Erfassung Ihrer Daten beim Besuch dieser Website verhindert:\u00a0Google Analytics deaktivieren\u00a0N\u00e4here Informationen zu Nutzungsbedingungen und Datenschutz finden Sie unter\u00a0http:\/\/www.google.com\/analytics\/terms\/de.html\u00a0bzw. unter\u00a0https:\/\/www.google.de\/intl\/de\/policies\/.\u00a0Wir weisen Sie darauf hin, dass auf dieser Website Google Analytics um den Code \u201eanonymizeIp\u201c erweitert wurde, um eine anonymisierte Erfassung von IP-Adressen (sog. IP-Masking) zu gew\u00e4hrleisten.<\/p>\n<p>Quelle:<a title=\"www.datenschutzbeauftragter-info.de\" href=\"http:\/\/%20www.datenschutzbeauftragter-info.de\/\" target=\"_blank\" rel=\"noopener\">\u00a0www.datenschutzbeauftragter-info.de<\/a>\u00a0\u00fcbernommen werden.<\/p>\n<p>Link zur Online Dispute Resolution:<\/p>\n<p>Auf jeder Webseite, \u00fcber die Kauf- oder Dienstleistungsvertr\u00e4ge mit Verbrauchern geschlossen werden, muss sich ein Hinweis auf die neue europ\u00e4ische Plattform zur Online-Streitbeilegung (sog. \u201eOS-Plattform\u201c) befinden. Hier geht es zur OS-Plattform:<\/p>\n<p><a title=\"http:\/\/ec.europa.eu\/consumers\/odr\/\" href=\"http:\/\/ec.europa.eu\/consumers\/odr\/\" target=\"_blank\" rel=\"noopener\">http:\/\/ec.europa.eu\/consumers\/odr\/<\/a><\/p>\n","protected":false},"excerpt":{"rendered":"<p>Helge Polzin Bochumer Str. 14 28199 Bremen Tel. 0421\/69 21 96 32 eMail: hp@helge-polzin.de Bankverbindung: Sparkasse Bremen: IBAN: DE 30 290 501 01 0012 5921 35 BIC:\u00a0\u00a0 SBREDE22XXX Steuer-Nummer: 74\/192\/60163 Bildquellen: fotolia.de | Sondem-AS | tauav.AS | sakkmesterke-FT | Bakunovich-TS Biodanza- Bremen.de Hinweis: Im Falle von Domainstreitigkeiten, wettbewerbsrechtlicher, inhaltlicher oder \u00e4hnlicher Probleme bitte ich Sie, &hellip; <\/p>\n<p class=\"link-more\"><a href=\"https:\/\/helge-polzin.de\/?page_id=58\" class=\"more-link\"><span class=\"screen-reader-text\">\u201eImpressum\u201c<\/span> weiterlesen<\/a><\/p>\n","protected":false},"author":1,"featured_media":0,"parent":0,"menu_order":0,"comment_status":"closed","ping_status":"closed","template":"","meta":{"footnotes":""},"class_list":["post-58","page","type-page","status-publish","hentry"],"_links":{"self":[{"href":"https:\/\/helge-polzin.de\/index.php?rest_route=\/wp\/v2\/pages\/58","targetHints":{"allow":["GET"]}}],"collection":[{"href":"https:\/\/helge-polzin.de\/index.php?rest_route=\/wp\/v2\/pages"}],"about":[{"href":"https:\/\/helge-polzin.de\/index.php?rest_route=\/wp\/v2\/types\/page"}],"author":[{"embeddable":true,"href":"https:\/\/helge-polzin.de\/index.php?rest_route=\/wp\/v2\/users\/1"}],"replies":[{"embeddable":true,"href":"https:\/\/helge-polzin.de\/index.php?rest_route=%2Fwp%2Fv2%2Fcomments&post=58"}],"version-history":[{"count":6,"href":"https:\/\/helge-polzin.de\/index.php?rest_route=\/wp\/v2\/pages\/58\/revisions"}],"predecessor-version":[{"id":672,"href":"https:\/\/helge-polzin.de\/index.php?rest_route=\/wp\/v2\/pages\/58\/revisions\/672"}],"wp:attachment":[{"href":"https:\/\/helge-polzin.de\/index.php?rest_route=%2Fwp%2Fv2%2Fmedia&parent=58"}],"curies":[{"name":"wp","href":"https:\/\/api.w.org\/{rel}","templated":true}]}}