{"id":6,"date":"2018-02-09T14:38:42","date_gmt":"2018-02-09T14:38:42","guid":{"rendered":"http:\/\/helge-polzin.de\/?page_id=6"},"modified":"2025-11-26T11:51:06","modified_gmt":"2025-11-26T11:51:06","slug":"ueber-mich","status":"publish","type":"page","link":"https:\/\/helge-polzin.de\/?page_id=6","title":{"rendered":"\u00dcber mich"},"content":{"rendered":"<p><img fetchpriority=\"high\" decoding=\"async\" class=\"alignnone size-medium wp-image-620\" src=\"https:\/\/helge-polzin.de\/wp-content\/uploads\/2025\/03\/Helge-Lederweste-Photoroom-225x300.jpg\" alt=\"\" width=\"225\" height=\"300\" srcset=\"https:\/\/helge-polzin.de\/wp-content\/uploads\/2025\/03\/Helge-Lederweste-Photoroom-225x300.jpg 225w, https:\/\/helge-polzin.de\/wp-content\/uploads\/2025\/03\/Helge-Lederweste-Photoroom.jpg 300w\" sizes=\"(max-width: 225px) 100vw, 225px\" \/><\/p>\n<p>Ich bin 1963 geboren, habe 3 Kinder, zwei T\u00f6chter (27 und 24), einen Sohn (15), und lebe mit meiner Familie in Bremen. Meine Frau und ich f\u00fchren eine sehr lebendige Beziehung, und als langzeitbeziehungserfahrener Mann (25 und 21 Jahre) bin ich sehr erfahren in fast allen Spielrichtungen der Liebe, von Beziehungen und der Sexualit\u00e4t. Daher ist mir kaum etwas fremd, auch sehr herausfordernde Irrungen und Wirrungen nicht, die in einer Partnerschaft entstehen k\u00f6nnen.<\/p>\n<p>Meine Expertise als Coach f\u00fcr meine Lieblingsthemen, Sexualit\u00e4t, Liebesbeziehungen und M\u00e4nneridentit\u00e4t, habe ich in jahrelangem &#8222;try-and-error&#8220; in meinen Beziehungen, dem kontinuierlichen Studium einschl\u00e4giger Literatur, vielen Workshops\/Seminaren und diversen Ausbildungen erarbeitet.<\/p>\n<p>Ich bin zertifizierter Integral Life Consultant und Life Trust Coach\u00ae, ausgebildet bei Veit Lindau.<\/p>\n<p>In Steyerberg habe ich eine Ausbildung als GFK-Coach absolviert, bin zertifizierter Biodanza-Facilitador und in meinem &#8222;fr\u00fcheren&#8220; Leben war ich Ladenbauer, Dekorateur, Computergraphiker, Hausbauer, Kaufmann und Inhaber von Gesch\u00e4ften an der Ostsee. Diese Expertisen habe ich sehr erfolgreich in mein jetziges Leben integrieren k\u00f6nnen.<\/p>\n<p>Mit meinen Coachingangeboten lebe ich meine Passion, einen wirkungsvollen Beitrag dazu zu leisten, dass diese Welt irgendwann einmal nur noch von gl\u00fccklichen Paaren und lebendigen Beziehungen bewegt wird.<\/p>\n<p>Ich liebe meine Frau, meine Kinder, das Meer, die Natur, Segeln, Surfen und ganz klar Sex!<\/p>\n","protected":false},"excerpt":{"rendered":"<p>Ich bin 1963 geboren, habe 3 Kinder, zwei T\u00f6chter (27 und 24), einen Sohn (15), und lebe mit meiner Familie in Bremen. Meine Frau und ich f\u00fchren eine sehr lebendige Beziehung, und als langzeitbeziehungserfahrener Mann (25 und 21 Jahre) bin ich sehr erfahren in fast allen Spielrichtungen der Liebe, von Beziehungen und der Sexualit\u00e4t. Daher &hellip; <\/p>\n<p class=\"link-more\"><a href=\"https:\/\/helge-polzin.de\/?page_id=6\" class=\"more-link\"><span class=\"screen-reader-text\">\u201e\u00dcber mich\u201c<\/span> weiterlesen<\/a><\/p>\n","protected":false},"author":1,"featured_media":0,"parent":0,"menu_order":0,"comment_status":"closed","ping_status":"closed","template":"","meta":{"footnotes":""},"class_list":["post-6","page","type-page","status-publish","hentry"],"_links":{"self":[{"href":"https:\/\/helge-polzin.de\/index.php?rest_route=\/wp\/v2\/pages\/6","targetHints":{"allow":["GET"]}}],"collection":[{"href":"https:\/\/helge-polzin.de\/index.php?rest_route=\/wp\/v2\/pages"}],"about":[{"href":"https:\/\/helge-polzin.de\/index.php?rest_route=\/wp\/v2\/types\/page"}],"author":[{"embeddable":true,"href":"https:\/\/helge-polzin.de\/index.php?rest_route=\/wp\/v2\/users\/1"}],"replies":[{"embeddable":true,"href":"https:\/\/helge-polzin.de\/index.php?rest_route=%2Fwp%2Fv2%2Fcomments&post=6"}],"version-history":[{"count":37,"href":"https:\/\/helge-polzin.de\/index.php?rest_route=\/wp\/v2\/pages\/6\/revisions"}],"predecessor-version":[{"id":682,"href":"https:\/\/helge-polzin.de\/index.php?rest_route=\/wp\/v2\/pages\/6\/revisions\/682"}],"wp:attachment":[{"href":"https:\/\/helge-polzin.de\/index.php?rest_route=%2Fwp%2Fv2%2Fmedia&parent=6"}],"curies":[{"name":"wp","href":"https:\/\/api.w.org\/{rel}","templated":true}]}}